 5, 5237
List the prime factors of 3616.
2, 113
List the prime factors of 249.
3, 83
What are the prime factors of 937?
937
What are the prime factors of 7066?
2, 3533
What are the prime factors of 46807?
46807
What are the prime factors of 4644?
2, 3, 43
What are the prime factors of 348?
2, 3, 29
List the prime factors of 3883.
11, 353
What are the prime factors of 42837?
3, 109, 131
What are the prime factors of 1279?
1279
List the prime factors of 17157.
3, 7, 19, 43
List the prime factors of 1843.
19, 97
What are the prime factors of 89?
89
List the prime factors of 107877.
3, 7, 11, 467
List the prime factors of 138797.
138797
What are the prime factors of 895?
5, 179
List the prime factors of 1769.
29, 61
What are the prime factors of 187?
11, 17
List the prime factors of 1616.
2, 101
What are the prime factors of 42816?
2, 3, 223
What are the prime factors of 2194?
2, 1097
List the prime factors of 2980.
2, 5, 149
List the prime factors of 989.
23, 43
What are the prime factors of 69643?
7, 9949
List the prime factors of 64249.
47, 1367
List the prime factors of 5651.
5651
What are the prime factors of 16465?
5, 37, 89
List the prime factors of 23890.
2, 5, 2389
What are the prime factors of 420?
2, 3, 5, 7
What are the prime factors of 22296?
2, 3, 929
What are the prime factors of 3956?
2, 23, 43
List the prime factors of 36127.
7, 13, 397
List the prime factors of 3831.
3, 1277
What are the prime factors of 14173?
14173
List the prime factors of 994.
2, 7, 71
List the prime factors of 23828.
2, 7, 23, 37
What are the prime factors of 23872?
2, 373
List the prime factors of 24.
2, 3
List the prime factors of 2072.
2, 7, 37
What are the prime factors of 4209?
3, 23, 61
What are the prime factors of 6143?
6143
What are the prime factors of 123865?
5, 7, 3539
What are the prime factors of 19854?
2, 3, 1103
What are the prime factors of 11200?
2, 5, 7
List the prime factors of 550.
2, 5, 11
List the prime factors of 2426.
2, 1213
What are the prime factors of 1240?
2, 5, 31
What are the prime factors of 11009?
101, 109
List the prime factors of 2921.
23, 127
What are the prime factors of 66725?
5, 17, 157
What are the prime factors of 82965?
3, 5, 5531
List the prime factors of 119155.
5, 23831
List the prime factors of 2201.
31, 71
List the prime factors of 40448.
2, 79
What are the prime factors of 2810?
2, 5, 281
List the prime factors of 4514.
2, 37, 61
List the prime factors of 907.
907
List the prime factors of 50209.
23, 37, 59
List the prime factors of 33548.
2, 8387
List the prime factors of 4456.
2, 557
List the prime factors of 27179.
27179
What are the prime factors of 4006?
2, 2003
List the prime factors of 3289.
11, 13, 23
What are the prime factors of 26099?
26099
What are the prime factors of 3344?
2, 11, 19
List the prime factors of 21890.
2, 5, 11, 199
List the prime factors of 2427.
3, 809
What are the prime factors of 6364?
2, 37, 43
What are the prime factors of 5770?
2, 5, 577
What are the prime factors of 26406?
2, 3, 163
List the prime factors of 25462.
2, 29, 439
List the prime factors of 102497.
102497
What are the prime factors of 4550?
2, 5, 7, 13
List the prime factors of 6678.
2, 3, 7, 53
What are the prime factors of 421?
421
What are the prime factors of 6768?
2, 3, 47
What are the prime factors of 4487?
7, 641
List the prime factors of 7259.
7, 17, 61
What are the prime factors of 15991?
15991
What are the prime factors of 4496?
2, 281
List the prime factors of 7332.
2, 3, 13, 47
List the prime factors of 1457.
31, 47
List the prime factors of 324.
2, 3
What are the prime factors of 992?
2, 31
What are the prime factors of 6786?
2, 3, 13, 29
What are the prime factors of 39449?
103, 383
What are the prime factors of 59289?
3, 19763
What are the prime factors of 76?
2, 19
What are the prime factors of 6695?
5, 13, 103
What are the prime factors of 15818?
2, 11, 719
What are the prime factors of 1131?
3, 13, 29
List the prime factors of 100738.
2, 11, 19, 241
What are the prime factors of 79153?
79153
List the prime factors of 41093.
13, 29, 109
List the prime factors of 11197.
11197
List the prime factors of 597.
3, 199
What are the prime factors of 16791?
3, 29, 193
What are the prime factors of 17719?
13, 29, 47
List the prime factors of 577.
577
List the prime factors of 620.
2, 5, 31
List the prime factors of 8537.
8537
What are the prime factors of 225?
3, 5
List the prime factors of 16045.
5, 3209
What are the prime factors of 61219?
29, 2111
What are the prime factors of 79278?
2, 3, 73, 181
What are the prime factors of 95984?
2, 7, 857
List the prime factors of 1248.
2, 3, 13
What are the prime factors of 695?
5, 139
List the prime factors of 70375.
5, 563
List the prime factors of 347.
347
What are the prime factors of 1251?
3, 139
List the prime factors of 13851.
3, 19
What are the prime factors of 2262?
2, 3, 13, 29
List the prime factors of 63492.
2, 3, 11, 13, 37
What are the prime factors of 2870?
2, 5, 7, 41
What are the prime factors of 4587?
3, 11, 139
What are the prime factors of 15?
3, 5
List the prime factors of 209487.
3, 69829
What are the prime factors of 2500?
2, 5
What are the prime factors of 22153?
22153
List the prime factors of 1713.
3, 571
List the prime factors of 40970.
2, 5, 17, 241
What are the prime factors of 5161?
13, 397
What are the prime factors of 3341?
13, 257
What are the prime factors of 17676?
2, 3, 491
List the prime factors of 1550.
2, 5, 31
What are the prime factors of 42815?
5, 8563
What are the prime factors of 696?
2, 3, 29
What are the prime factors of 33126?
2, 3, 5521
List the prime factors of 768.
2, 3
List the prime factors of 375.
3, 5
List the prime factors of 444.
2, 3, 37
List the prime factors of 1324.
2, 331
List the prime factors of 12113.
12113
What are the prime factors of 1613?
1613
List the prime factors of 7829.
7829
List the prime factors of 42050.
2, 5, 29
List the prime factors of 39878.
2, 127, 157
What are the prime factors of 21597?
3, 23, 313
List the prime factors of 12848.
2, 11, 73
What are the prime factors of 382?
2, 191
List the prime factors of 8088.
2, 3, 337
What are the prime factors of 1451?
1451
What are the prime factors of 44199?
3, 1637
List the prime factors of 238.
2, 7, 17
List the prime factors of 5293.
67, 79
List the prime factors of 34315.
5, 6863
List the prime factors of 6362.
2, 3181
List the prime factors of 1446.
2, 3, 241
What are the prime factors of 6669?
3, 13, 19
What are the prime factors of 29623?
11, 2693
What are the prime factors of 27583?
27583
List the prime factors of 94390.
2, 5, 9439
List the prime factors of 38628.
2, 3, 29, 37
What are the prime factors of 170?
2, 5, 17
List the prime factors of 2355.
3, 5, 157
What are the prime factors of 53021?
37, 1433
List the prime factors of 1143.
3, 127
What are the prime factors of 20247?
3, 17, 397
List the prime factors of 95952.
2, 3, 1999
List the prime factors of 1474.
2, 11, 67
List the prime factors of 45021.
3, 43, 349
What are the prime factors of 16617?
3, 29, 191
What are the prime factors of 2399?
2399
What are the prime factors of 1364?
2, 11, 31
List the prime factors of 1671.
3, 557
What are the prime factors of 30177?
3, 7, 479
What are the prime factors of 42?
2, 3, 7
List the prime factors of 45993.
3, 15331
List the prime factors of 8287.
8287
What are the prime factors of 136427?
227, 601
List the prime factors of 2454.
2, 3, 409
List the prime factors of 14135.
5, 11, 257
List the prime factors of 1769.
29, 61
What are the prime factors of 930?
2, 3, 5, 31
List the prime factors of 765.
3, 5, 17
List the prime factors of 5388.
2, 3, 449
What are the prime factors of 68697?
3, 17, 449
What are the prime factors of 65174?
2, 32587
List the prime factors of 37851.
3, 11, 31, 37
List the prime factors of 32141.
32141
What are the prime factors of 7295?
5, 1459
List the prime factors of 21153.
3, 11, 641
What are the prime factors of 29601?
3, 11, 13, 23
List the prime factors of 12389.
13, 953
What are the prime factors of 1914?
2, 3, 11, 29
What are the prime factors of 5989?
53, 113
What are the prime factors of 10065?
3, 5, 11, 61
List the prime factors of 95716.
2, 23929
List the prime factors of 891.
3, 11
What are th